mber?
False
Suppose x = -3 + 15. Suppose 4*w = -3*f + 29 + x, -3*w = 4*f - 64. Is f composite?
False
Suppose -2 + 10 = 2*z. Suppose -1 = -5*p - 6, 2*s + z*p = 318. Is s a prime number?
False
Let d = 30 + 40. Let c = 149 - d. Is c a composite number?
False
Suppose 166 = 5*k - 3*k. Is k a composite number?
False
Suppose -3*h + v + 294 = 0, -220 - 56 = -3*h - 5*v. Let g = h + -40. Is g composite?
True
Suppose 3*f - 17090 = -7*f. Is f a composite number?
False
Let g(b) = -b**3 + 12*b**2 + b - 11. Is g(8) a prime number?
False
Is (-83178)/21*-1 - 2/(-14) composite?
True
Let g be (1 + 1)*(-2265)/(-6). Suppose 3*x = 778 + g. Is x composite?
True
Suppose -j + 3*j = -78. Let u = 136 + j. Is u prime?
True
Suppose -15*n + 32333 + 31732 = 0. Is n a prime number?
True
Suppose -4*l + 0*g = g - 269, -3*l + 201 = g. Is l + 0 + 3 + -4 a prime number?
True
Let w be 2/(-3) + 22/6. Suppose -w*l - 7 = -4*l. Is (-106)/4*(-14)/l a composite number?
False
Suppose 0 = -4*y + 53 + 23. Suppose -y*n = -22*n + 3633. Is n composite?
True
Let k = 261 + 112. Is k composite?
False
Suppose 2*v + 2*o - 366 = 0, -2*o = -3*v - 7*o + 559. Is v prime?
False
Is (-2)/11 - (1 + 12280/(-22)) composite?
False
Let u(x) = x**3 - x. Let n(w) = 8*w**3 + 5*w**2 + w - 7. Let d(i) = -n(i) + 3*u(i). Is d(-4) composite?
False
Let x(y) = 5*y**2 - y + 1. Let s be x(1). Suppose w - 1266 = -s*i, -1013 = -4*i - 0*i - w. Is i prime?
False
Let n(v) be the third derivative of 0 + 1/6*v**4 + v**2 + 0*v - 5/3*v**3. Is n(8) a composite number?
True
Suppose k = -2*h + 5*h - 1952, -5*h - 5*k = -3220. Is h a composite number?
True
Suppose -8*h = -m - 3*h + 108, 0 = -5*m + 3*h + 606. Suppose 0 = 2*z - z - 5*i - 36, -m = -4*z - i. Is z a composite number?
False
Let n(t) be the third derivative of -t**6/60 - t**5/15 - t**4/4 + 5*t**3/6 + 6*t**2. Is n(-5) composite?
True
Let t be ((-16)/(-6) + -3)*-1527. Let m = 78 + t. Is m a composite number?
False
Let v be 184/40 - 2/(-5). Suppose v = 3*m - f, f = -m - m + 5. Suppose h - 159 = -m*h. Is h composite?
False
Let i(a) = 4*a**3 - 2*a**2 - a + 3. Is i(4) composite?
False
Let w be 68/24 + (-2)/(-12). Suppose -w*b - b + 1924 = 0. Is b prime?
False
Suppose 5*l - s = -4*s, 0 = 5*s + 25. Suppose -2*u - 10 = -l*u + 3*d, -2*d + 44 = 2*u. Is u a prime number?
True
Suppose 0 = -j - 4*j. Suppose j*c - 2*c = -8. Suppose w = -4*p - 4*w + 24, -c*w = 5*p - 39. Is p composite?
False
Let n = -701 + 385. Let a = 653 + n. Is a a composite number?
False
Let r be 3 + (4 + -2)/(-2). Suppose 0 = 3*a - u - 18, -5*a + a - r*u + 34 = 0. Is a a composite number?
False
Suppose -2*y = -2*d - 326, 4*d - 903 = -5*y - 124. Is y a composite number?
True
Let m = -4 + 2. Let f(i) = i**2 + i + 2. Let z be f(m). Suppose z*a - 521 = -133. Is a a composite number?
False
Let x = -3 + 5. Suppose t = -4*a + 263, -x*t - 85 - 193 = -4*a. Is a prime?
True
Let h(l) = l**2 - 3*l - 3. Let x be h(4). Suppose z - x = -0. Is 2 + 4*5 + z prime?
True
Let p = 8 + -6. Suppose p*f - 37 = 37. Is f a composite number?
False
Is 582/4 - (-13)/(-26) a prime number?
False
Let h = 117 + 2. Is h prime?
False
Let a = -84 - -59. Let v = a + 78. Is v prime?
True
Let k = 3393 - 2000. Is k a composite number?
True
Suppose 505 = 5*h + 2*q, -5*q - 195 = 5*h - 685. Let l = 162 - h. Is l composite?
False
Let f be 2 + (-1 - 1*-3). Suppose -16 = -j + f*s + 3, 2*j = 5*s + 41. Suppose 4*n = j + 61. Is n a prime number?
False
Let t(v) = 6*v + 4. Is t(9) composite?
True
Let o(s) = 176*s + 5. Is o(6) a prime number?
True
Let z = 576 + -95. Is z prime?
False
Let q be (1 - 2 - -5)*1. Suppose 3*a - 179 = -n, 539 = q*n + 3*a - 177. Is n composite?
False
Suppose 4*d - 2078 = 254. Is d a prime number?
False
Let x(v) = 2*v**3 - 7*v**2 + 6*v + 8. Let y be x(6). Suppose -3 = -3*g, -m - 6*g + 2*g = -y. Suppose m = 6*q - 2*q. Is q composite?
True
Let j = -4 + 9. Suppose -5*b - 10 = i, 3*i + 2 = j*b + 12. Suppose i = 3*a + 5*o - 48, a + o = 4*o + 30. Is a a prime number?
False
Let r(p) be the third derivative of -5*p**4/6 - p**3/6 - p**2. Is r(-6) composite?
True
Suppose 0 = -u + j + 2*j - 13, 3*j = -u + 17. Suppose u*z = -z + 9. Is z a prime number?
True
Suppose 640 = 4*f - 124. Is f a composite number?
False
Let j = -677 - -1858. Is j composite?
False
Suppose 2*t - 9 + 3 = 0. Is t composite?
False
Suppose 0 = 5*p + 2*r + r - 146, 2*p + r - 59 = 0. Let s = p + 1. Suppose 4*n - s = 28. Is n prime?
False
Suppose -15*f + 1581 = -12*f. Is f composite?
True
Is 118/6*(11 + -2) composite?
True
Suppose 5 = -5*f - 25. Let c be (8/f)/2*-3. Suppose -c*q = 28 - 102. Is q composite?
False
Let t(j) = 10*j - 49. Let i(d) = -7*d + 33. Let m(f) = -7*i(f) - 5*t(f). Let x be m(11). Suppose -x*w - 23 = -290. Is w a prime number?
True
Suppose 2 = -3*y - 1, -t = 3*y. Let z(q) = 5*q - 4. Is z(t) composite?
False
Let n = 1089 + -742. Is n a prime number?
True
Suppose 0 = -k - k + 466. Is k a composite number?
False
Let u = 125 + 74. Is u composite?
False
Let h = -325 + 2738. Is h a composite number?
True
Suppose -33 = -0*l - 3*l. Let y = l + 26. Is y composite?
False
Let b(u) = u**3 - u**2 - 4*u - 3. Is b(5) prime?
False
Let l(t) = 5*t**2 - t. Let p be l(-1). Is 1465/9 - p/(-27) composite?
False
Let d = 427 - 18. Is d prime?
True
Let w(f) = 200*f + 14. Is w(3) composite?
True
Let g(z) = -47*z + 4. Let w be g(-5). Suppose p = -3*t + w, -3*t - 2*p = -4*t + 75. Is t a prime number?
True
Suppose 17 = 3*n + 2*x, -5*n - 3 + 6 = -3*x. Suppose 2*u + 17 = o, n*u = -0*u + 9. Is o prime?
True
Let p(w) = -7*w**3 - 7*w**2 - 2*w + 74. Let f(r) = -10*r**3 - 10*r**2 - 3*r + 111. Let n(a) = 5*f(a) - 7*p(a). Let v = -1 + 1. Is n(v) prime?
True
Let d(j) = 0 + 3*j**2 + 0*j**2 + 2*j + 1. Is d(-3) composite?
True
Suppose -3*r + 3 = -6. Suppose i - r = 46. Is i a composite number?
True
Let s(l) = l**2 - 7*l + 2. Let w be s(6). Let z(c) = 2*c**2 + 15 + 3*c + 0*c - 10. Is z(w) composite?
True
Let k(c) be the second derivative of -c**5/20 - 3*c**4/4 - c**3/2 + 5*c**2 + c. Is k(-9) composite?
False
Let x be (-4)/(-1) + (-4)/(-2). Suppose -l + 232 = 3*q, 2*q + 886 = -2*l + x*l. Is l composite?
False
Let v(d) = -11*d**2 + 6*d - 9. Let x(r) = 5*r**2 - 3*r + 5. Let m(l) = -4*v(l) - 9*x(l). Let o be m(6). Let p = o + 73. Is p a prime number?
False
Let s = 35 + 143. Is s prime?
False
Suppose 0 = -14*u + 10*u + 24. Is (-2)/(-2) + 792/u composite?
True
Suppose -f = 3*y + 2*f - 6, -y - 2*f = 2. Let t(l) = -l**3 + 6*l**2 + 5*l + 7. Is t(y) prime?
True
Suppose 0 = 17*b - 6*b - 4807. Is b composite?
True
Suppose 47*j + 429 = 50*j. Is j a composite number?
True
Let z = 3 - 2. Let h be 7 + z + 1 + -1. Let l = h - 5. Is l prime?
True
Let g = -439 - -1254. Is g a composite number?
True
Let t(z) = -890*z + 1. Let v be t(-1). Suppose 0 = 5*j + s - v, 2*s - 708 = -4*j - 0*j. Is j a composite number?
False
Suppose -2232 - 973 = -f - 2*x, f - 3*x = 3190. Is f a prime number?
False
Let s(t) = 61*t**2 - 4*t - 4. Is s(-3) a composite number?
False
Let v(w) = -2*w**2 + 10*w + 10. Let n(d) = -2*d**2 + 11*d + 11. Let x(b) = 5*n(b) - 6*v(b). Let i = 20 + -13. Is x(i) a composite number?
True
Let k = -36 + 141. Let f = -1 + 5. Suppose f*r - k = -r. Is r prime?
False
Suppose v - 58 = -y, 0*v = v - 5*y - 64. Is v composite?
False
Is (-10)/(105/111 - 1) a composite number?
True
Let t be (-4)/(-2)*(-1)/(-2). Let d(g) = g**3 + g + 1. Let i(c) = 13*c**3 - c**2 + 3*c + 3. Let l(m) = -3*d(m) + i(m). Is l(t) a composite number?
True
Let m(d) = 21*d - 56. Let p(y) = 4*y - 11. Let a(g) = -2*m(g) + 11*p(g). Let f be a(6). Suppose 2*l + 530 = 4*k, -f*l = -3*k - 4*l + 390. Is k composite?
False
Let v(n) = -4*n**3 + n**2 + 2*n + 1. Let w be v(-1). Suppose -6 = s - w*s. Suppose -s*y + 2*t - 90 = -4*y, -4*t = 5*y - 229. Is y a prime number?
False
Suppose -i = 0, 4*i + 1003 = 5*p - 2332. Is p prime?
False
Suppose 0 = 3*v + 9 + 9. Let i = v - -2. Let a(c) = -14*c - 3. Is a(i) composite?
False
Let w be (-4 - -2)/((-4)/14). Suppose -4*c + 5*f + 6 = 0, -5*f = -0*c - 3*c + w. Is -3*23*c/3 prime?
True
Let c = -5 - 1. Let j(r) = -r**3 - 2*r**2 + 8*r + 7. Let m be j(c). Suppose 0 = -2*p - k + m, -5*p = -0*k - k - 240. Is p composite?
True
Suppose 0 = 2*z - 3*z. Suppose 3*b - 6*b + 345 = z. Is b a composite number?
True
Let c = 16 + 21. Is c composite?
Fa